{"id":94,"date":"2013-03-01T17:33:52","date_gmt":"2013-03-01T17:33:52","guid":{"rendered":"http:\/\/108.179.193.181\/~salidaal\/aada\/?page_id=94"},"modified":"2021-09-09T06:12:22","modified_gmt":"2021-09-09T12:12:22","slug":"resources-for-parents-of-teens-and-tweens","status":"publish","type":"page","link":"https:\/\/alliancechaffee.org\/espanol\/violencia-en-el-noviazgo-de-los-adolescentes\/resources-for-parents-of-teens-and-tweens\/","title":{"rendered":"Recursos para los padres de adolescentes y preadolescentes"},"content":{"rendered":"<p>El abuso durante el noviazgo es un patr\u00f3n de comportamientos que se usa para ejercer poder y control sobre la pareja, y puede ser verbal, emocional, f\u00edsico, sexual o una combinaci\u00f3n de estos.\u00a0 El abuso durante el noviazgo puede sucederles a hombres y mujeres, homosexuales o heterosexuales.<\/p>\n<div>\n<p style=\"text-align: center;\"><strong>Deje saber a su hijo adolescente que <em>\u201cEstoy aqu\u00ed para ayudarte en todo momento.\u201d<\/em><\/strong><\/p>\n<p>Aprender a identificar las se\u00f1ales de advertencia de una relaci\u00f3n abusiva puede ayudar a los adolescentes a cuidarse y a reconocer cuando su pareja hace o dice algo que excede los l\u00edmites. Hable con su preadolescente o adolescente sobre las primeras se\u00f1ales de advertencia o de peligro de que su pareja podr\u00eda eventualmente volverse abusiva.<\/p>\n<p style=\"text-align: center;\"><strong>SE\u00d1ALES DE PELIGRO<\/strong><\/p>\n<p style=\"text-align: center;\"><strong>Exhibir celos extremos<\/strong><\/p>\n<p style=\"text-align: center;\"><strong>Involucrarse r\u00e1pidamente: acercarse demasiado, demasiado pronto.<\/strong><\/p>\n<p style=\"text-align: center;\"><strong>Controlar comportamientos, como decirle qu\u00e9 usar, con qui\u00e9n hablar, etc.<\/strong><\/p>\n<p style=\"text-align: center;\"><strong>Aislarlo de amigos y familiares<\/strong><\/p>\n<p style=\"text-align: center;\"><strong>Exhibir ira explosiva<\/strong><\/p>\n<p style=\"text-align: center;\"><strong>Usar la fuerza durante una pelea<\/strong><\/p>\n<p style=\"text-align: center;\"><strong>Creer en papeles r\u00edgidos de la mujer y del hombre<\/strong><\/p>\n<p style=\"text-align: center;\"><strong>Culpar a otros de sus problemas o sentimientos<\/strong><\/p>\n<p style=\"text-align: center;\"><strong>Amenazar con violencia<\/strong><\/p>\n<p style=\"text-align: center;\"><strong>Abuso de ex novios<\/strong><\/p>\n<p style=\"text-align: center;\"><strong>Demandar saber d\u00f3nde se encuentra en todo momento<\/strong><\/p>\n<p><strong>Se\u00f1ales de que su adolescente o preadolescente podr\u00eda ser v\u00edctima de abuso:<\/strong><\/p>\n<ul>\n<li>Pierde inter\u00e9s en las actividades que sol\u00eda disfrutar<\/li>\n<li>Se a\u00edsla de amigos y familiares<\/li>\n<li>Sufre lesiones inexplicables o su explicaci\u00f3n no tiene sentido<\/li>\n<li>Comienza a tener problemas con las calificaciones escolares y\/o con la asistencia a la escuela<\/li>\n<li>Cambia repentinamente de estado de \u00e1nimo o de personalidad<\/li>\n<\/ul>\n<p><strong>Usted tambi\u00e9n podr\u00eda notar que:<\/strong><\/p>\n<ul>\n<li>Su adolescente menciona el comportamiento violento de la pareja, pero insiste en que \u201cNo es gran cosa\u201d.<\/li>\n<li>La pareja de su adolescente env\u00eda mensajes o textos electr\u00f3nicos o llama excesivamente, y su adolescente parece atemorizado de no responder inmediatamente.<\/li>\n<\/ul>\n<p><strong>Si nota que algo ha cambiado, hable con su adolescente:<\/strong><\/p>\n<ul>\n<li>Haga preguntas sobre su vida<\/li>\n<li>Escuche con la mente abierta<\/li>\n<li>Apoye a su adolescente mientras decide qu\u00e9 hacer<\/li>\n<li>Mu\u00e9strese tranquilo y tome acciones positivas<\/li>\n<li>Recuerde a su adolescente que nunca es culpable del abuso, que merece estar seguro y ser feliz.<\/li>\n<\/ul>\n<\/div>\n<p style=\"text-align: center;\"><strong><em>\u201cEstoy aqu\u00ed para ayudarte en todo momento\u201d<\/em><\/strong><strong> es el compromiso de estar disponible,<br \/>\nmostrarse abierto y aceptar y escuchar a su adolescente o preadolescente.<\/strong><\/p>\n<p>&nbsp;<\/p>\n<p>Las siguientes son algunas sugerencias para que hable con su adolescente o preadolescente sobre el abuso durante el noviazgo:<\/p>\n<p>No d\u00e9 sermones, escuche con atenci\u00f3n y sin juzgar.<\/p>\n<p>Conc\u00e9ntrese en el di\u00e1logo con su adolescente, deje de hacer varias cosas a la vez durante estas conversaciones importantes. Est\u00e1 bien hablar mientras caminan o lanzan la pelota, o hasta cuando viajan en el auto solo ustedes dos. Esto puede ayudar a que su adolescente se sienta m\u00e1s c\u00f3modo.<\/p>\n<p>Haga comentarios sobre la vida que les rodea. Use la situaci\u00f3n de una pel\u00edcula que vean juntos, o la letra de una canci\u00f3n que hayan escuchado, para hablar sobre las relaciones sanas y las abusivas.<\/p>\n<p>Hable frecuentemente con su adolescente sobre la violencia en el noviazgo, una sola conversaci\u00f3n no es suficiente.<\/p>\n<p>Busque informaci\u00f3n o hable con un profesional si necesita datos estad\u00edsticos confiables o pautas para apoyar a su adolescente.\u00a0<a href=\"https:\/\/alliancechaffee.org\/espanol\/contacto\/\">Comun\u00edquese con nosotros.<\/a><\/p>\n<p>Las preguntas de la siguiente lista<sup><a href=\"#1\">1<\/a><\/sup>\u00a0pueden ayudarlo a comenzar a hablar con su hijo sobre la violencia durante el noviazgo. No tiene que hacer todas las preguntas a la vez, haga preguntas como las siguientes para iniciar una conversaci\u00f3n.<\/p>\n<ol>\n<li>\u00bfC\u00f3mo es el noviazgo de tus amigos?<\/li>\n<li>\u00bfPor qu\u00e9 piensas que alguien abusar\u00eda a su pareja?<\/li>\n<li>\u00bfPor qu\u00e9 piensas que alguien se quedar\u00eda en una relaci\u00f3n abusiva?<\/li>\n<li>\u00bfQu\u00e9 hace que una relaci\u00f3n sea sana?<\/li>\n<li>\u00bfQu\u00e9 puedes hacer si uno de tus amigos es v\u00edctima de abuso, o si alguien que conoces es abusivo?<\/li>\n<li>\u00bfHay ciertos papeles que las mujeres y los hombres deben desempe\u00f1ar en una relaci\u00f3n? \u00bfQui\u00e9n decide estos papeles?<\/li>\n<li>\u00bfCu\u00e1les son algunos ejemplos de comportamientos rom\u00e1nticos? \u00bfCu\u00e1les son algunos ejemplos de comportamientos que parecen rom\u00e1nticos pero que en realidad podr\u00edan ser de control?<\/li>\n<li>\u00bfQu\u00e9 mensajes dan los medios de comunicaci\u00f3n sobre el romance y el abuso?<\/li>\n<li>\u00bfC\u00f3mo los mensajes y textos electr\u00f3nicos pueden contribuir al abuso?<\/li>\n<li>\u00bfQu\u00e9 har\u00edas si un novio o una novia tuyo o tuya comenzara a hacerte sentir inc\u00f3moda o\u00a0inc\u00f3modo o insegura o inseguro?<\/li>\n<\/ol>\n<p>\u00bfQu\u00e9 puede hacer si su adolescente no quiere hablar y se cierra? Encuentre otras maneras de obtener informaci\u00f3n sobre su adolescente. Hable con su mejor amiga o amigo. Deje notas. Env\u00edele un texto. Deje un mensaje de voz o env\u00ede un mensaje electr\u00f3nico. Ponga una nota en su auto o en su mochila. Nunca es demasiado pronto para ser creativo sobre c\u00f3mo comunicarse con su adolescente. Solo aseg\u00farese de seguir intentando y de que su adolescente sepa que usted est\u00e1 ah\u00ed para ayudarle.<br \/>\n<a name=\"1\"><\/a><\/p>\n<div>\n<p style=\"padding-left: 30px;\"><sup>1<\/sup> De Una gu\u00eda para los padres sobre la violencia en el noviazgo de los adolescentes (A Parent\u2019s Guide to Teen Dating Violence) de Liz Claiborne.<\/p>\n<p>&nbsp;<\/p>\n<\/div>\n<div><strong>RECURSOS \/ BIBLIOGRAF\u00cdA PARA LOS PADRES:<\/strong><\/div>\n<p><a href=\"http:\/\/www.loveisnotabuse.com\/web\/guest\/relationshipabuseoverview\" target=\"_blank\" rel=\"noopener noreferrer\">Break the Cycle &#8211; Love is Not Abuse<\/a><\/p>\n<p><a href=\"http:\/\/espanol.loveisrespect.org\/\">Love is Respect<\/a><\/p>\n<p><a href=\"http:\/\/www.cdc.gov\/ViolencePrevention\/intimatepartnerviolence\/index.html\" target=\"_blank\" rel=\"noopener noreferrer\">CDC\u00a0&#8211; Intimate Partner Violence<\/a><\/p>\n<p><a href=\"https:\/\/www.breakthecycle.org\/what-is-dating-violence\" target=\"_blank\" rel=\"noopener noreferrer\">What is Dating Violence? Break the Cycle.<\/a><\/p>\n<p><a href=\"https:\/\/www.breakthecycle.org\/take-action\" target=\"_blank\" rel=\"noopener noreferrer\">Tools for Action!<\/a><\/p>\n<p><a href=\"http:\/\/www.loveisrespect.org\/take-action\/take-action\/\" target=\"_blank\" rel=\"noopener noreferrer\">Take Action! Love is Respect.<\/a><\/p>\n<p><a href=\"http:\/\/www.thatsnotcool.com\/Help.aspx\" target=\"_blank\" rel=\"noopener noreferrer\">That&#8217;s Not Cool. Need Help?<\/a><\/p>\n","protected":false},"excerpt":{"rendered":"<p>El abuso durante el noviazgo es un patr\u00f3n de comportamientos que se usa para ejercer poder y control sobre la pareja, y puede ser verbal, emocional, f\u00edsico, sexual o una combinaci\u00f3n de estos.\u00a0 El abuso durante el noviazgo puede sucederles a hombres y mujeres, homosexuales o heterosexuales. Deje saber a su hijo adolescente que \u201cEstoy &#8230; <a title=\"Recursos para los padres de adolescentes y preadolescentes\" class=\"read-more\" href=\"https:\/\/alliancechaffee.org\/espanol\/violencia-en-el-noviazgo-de-los-adolescentes\/resources-for-parents-of-teens-and-tweens\/\" aria-label=\"More on Recursos para los padres de adolescentes y preadolescentes\">Read more<\/a><\/p>\n","protected":false},"author":3,"featured_media":0,"parent":76,"menu_order":0,"comment_status":"closed","ping_status":"open","template":"","meta":{"jetpack_post_was_ever_published":false,"footnotes":""},"class_list":["post-94","page","type-page","status-publish"],"yoast_head":"<!-- This site is optimized with the Yoast SEO plugin v27.4 - https:\/\/yoast.com\/product\/yoast-seo-wordpress\/ -->\n<title>The Alliance Espanol - Salida, Buena Vista and Poncha Springs Colorado - Recursos para los padres de adolescentes y preadolescentes<\/title>\n<meta name=\"description\" content=\"The Alliance proporciona intervenci\u00f3n en casos de crisis y albergue de emergencia. La l\u00ednea directa The Alliance est\u00e1 disponible las 24 horas, los 7 d\u00edas de la semana, 719-539-7347.\" \/>\n<meta name=\"robots\" content=\"index, follow, max-snippet:-1, max-image-preview:large, max-video-preview:-1\" \/>\n<link rel=\"canonical\" href=\"https:\/\/alliancechaffee.org\/espanol\/violencia-en-el-noviazgo-de-los-adolescentes\/resources-for-parents-of-teens-and-tweens\/\" \/>\n<meta property=\"og:locale\" content=\"en_US\" \/>\n<meta property=\"og:type\" content=\"article\" \/>\n<meta property=\"og:title\" content=\"The Alliance Espanol - Salida, Buena Vista and Poncha Springs Colorado - Recursos para los padres de adolescentes y preadolescentes\" \/>\n<meta property=\"og:description\" content=\"The Alliance proporciona intervenci\u00f3n en casos de crisis y albergue de emergencia. La l\u00ednea directa The Alliance est\u00e1 disponible las 24 horas, los 7 d\u00edas de la semana, 719-539-7347.\" \/>\n<meta property=\"og:url\" content=\"https:\/\/alliancechaffee.org\/espanol\/violencia-en-el-noviazgo-de-los-adolescentes\/resources-for-parents-of-teens-and-tweens\/\" \/>\n<meta property=\"og:site_name\" content=\"The Alliance Espanol\" \/>\n<meta property=\"article:modified_time\" content=\"2021-09-09T12:12:22+00:00\" \/>\n<meta name=\"twitter:card\" content=\"summary_large_image\" \/>\n<meta name=\"twitter:label1\" content=\"Est. reading time\" \/>\n\t<meta name=\"twitter:data1\" content=\"5 minutes\" \/>\n<script type=\"application\/ld+json\" class=\"yoast-schema-graph\">{\"@context\":\"https:\\\/\\\/schema.org\",\"@graph\":[{\"@type\":\"WebPage\",\"@id\":\"https:\\\/\\\/alliancechaffee.org\\\/espanol\\\/violencia-en-el-noviazgo-de-los-adolescentes\\\/resources-for-parents-of-teens-and-tweens\\\/\",\"url\":\"https:\\\/\\\/alliancechaffee.org\\\/espanol\\\/violencia-en-el-noviazgo-de-los-adolescentes\\\/resources-for-parents-of-teens-and-tweens\\\/\",\"name\":\"The Alliance Espanol - Salida, Buena Vista and Poncha Springs Colorado - Recursos para los padres de adolescentes y preadolescentes\",\"isPartOf\":{\"@id\":\"https:\\\/\\\/alliancechaffee.org\\\/espanol\\\/#website\"},\"datePublished\":\"2013-03-01T17:33:52+00:00\",\"dateModified\":\"2021-09-09T12:12:22+00:00\",\"description\":\"The Alliance proporciona intervenci\u00f3n en casos de crisis y albergue de emergencia. La l\u00ednea directa The Alliance est\u00e1 disponible las 24 horas, los 7 d\u00edas de la semana, 719-539-7347.\",\"breadcrumb\":{\"@id\":\"https:\\\/\\\/alliancechaffee.org\\\/espanol\\\/violencia-en-el-noviazgo-de-los-adolescentes\\\/resources-for-parents-of-teens-and-tweens\\\/#breadcrumb\"},\"inLanguage\":\"en-US\",\"potentialAction\":[{\"@type\":\"ReadAction\",\"target\":[\"https:\\\/\\\/alliancechaffee.org\\\/espanol\\\/violencia-en-el-noviazgo-de-los-adolescentes\\\/resources-for-parents-of-teens-and-tweens\\\/\"]}]},{\"@type\":\"BreadcrumbList\",\"@id\":\"https:\\\/\\\/alliancechaffee.org\\\/espanol\\\/violencia-en-el-noviazgo-de-los-adolescentes\\\/resources-for-parents-of-teens-and-tweens\\\/#breadcrumb\",\"itemListElement\":[{\"@type\":\"ListItem\",\"position\":1,\"name\":\"Home\",\"item\":\"https:\\\/\\\/alliancechaffee.org\\\/espanol\\\/\"},{\"@type\":\"ListItem\",\"position\":2,\"name\":\"Violencia entre noviazgos adolescentes\",\"item\":\"https:\\\/\\\/alliancechaffee.org\\\/espanol\\\/violencia-en-el-noviazgo-de-los-adolescentes\\\/\"},{\"@type\":\"ListItem\",\"position\":3,\"name\":\"Recursos para los padres de adolescentes y preadolescentes\"}]},{\"@type\":\"WebSite\",\"@id\":\"https:\\\/\\\/alliancechaffee.org\\\/espanol\\\/#website\",\"url\":\"https:\\\/\\\/alliancechaffee.org\\\/espanol\\\/\",\"name\":\"The Alliance Espanol\",\"description\":\"Salida, Buena Vista and Poncha Springs Colorado\",\"publisher\":{\"@id\":\"https:\\\/\\\/alliancechaffee.org\\\/espanol\\\/#organization\"},\"potentialAction\":[{\"@type\":\"SearchAction\",\"target\":{\"@type\":\"EntryPoint\",\"urlTemplate\":\"https:\\\/\\\/alliancechaffee.org\\\/espanol\\\/?s={search_term_string}\"},\"query-input\":{\"@type\":\"PropertyValueSpecification\",\"valueRequired\":true,\"valueName\":\"search_term_string\"}}],\"inLanguage\":\"en-US\"},{\"@type\":\"Organization\",\"@id\":\"https:\\\/\\\/alliancechaffee.org\\\/espanol\\\/#organization\",\"name\":\"The Alliance Espanol\",\"url\":\"https:\\\/\\\/alliancechaffee.org\\\/espanol\\\/\",\"logo\":{\"@type\":\"ImageObject\",\"inLanguage\":\"en-US\",\"@id\":\"https:\\\/\\\/alliancechaffee.org\\\/espanol\\\/#\\\/schema\\\/logo\\\/image\\\/\",\"url\":\"https:\\\/\\\/alliancechaffee.org\\\/espanol\\\/wp-content\\\/uploads\\\/2021\\\/05\\\/cropped-Alliance-Chaffee-logo-450-1.png\",\"contentUrl\":\"https:\\\/\\\/alliancechaffee.org\\\/espanol\\\/wp-content\\\/uploads\\\/2021\\\/05\\\/cropped-Alliance-Chaffee-logo-450-1.png\",\"width\":450,\"height\":350,\"caption\":\"The Alliance Espanol\"},\"image\":{\"@id\":\"https:\\\/\\\/alliancechaffee.org\\\/espanol\\\/#\\\/schema\\\/logo\\\/image\\\/\"}}]}<\/script>\n<!-- \/ Yoast SEO plugin. -->","yoast_head_json":{"title":"The Alliance Espanol - Salida, Buena Vista and Poncha Springs Colorado - Recursos para los padres de adolescentes y preadolescentes","description":"The Alliance proporciona intervenci\u00f3n en casos de crisis y albergue de emergencia. La l\u00ednea directa The Alliance est\u00e1 disponible las 24 horas, los 7 d\u00edas de la semana, 719-539-7347.","robots":{"index":"index","follow":"follow","max-snippet":"max-snippet:-1","max-image-preview":"max-image-preview:large","max-video-preview":"max-video-preview:-1"},"canonical":"https:\/\/alliancechaffee.org\/espanol\/violencia-en-el-noviazgo-de-los-adolescentes\/resources-for-parents-of-teens-and-tweens\/","og_locale":"en_US","og_type":"article","og_title":"The Alliance Espanol - Salida, Buena Vista and Poncha Springs Colorado - Recursos para los padres de adolescentes y preadolescentes","og_description":"The Alliance proporciona intervenci\u00f3n en casos de crisis y albergue de emergencia. La l\u00ednea directa The Alliance est\u00e1 disponible las 24 horas, los 7 d\u00edas de la semana, 719-539-7347.","og_url":"https:\/\/alliancechaffee.org\/espanol\/violencia-en-el-noviazgo-de-los-adolescentes\/resources-for-parents-of-teens-and-tweens\/","og_site_name":"The Alliance Espanol","article_modified_time":"2021-09-09T12:12:22+00:00","twitter_card":"summary_large_image","twitter_misc":{"Est. reading time":"5 minutes"},"schema":{"@context":"https:\/\/schema.org","@graph":[{"@type":"WebPage","@id":"https:\/\/alliancechaffee.org\/espanol\/violencia-en-el-noviazgo-de-los-adolescentes\/resources-for-parents-of-teens-and-tweens\/","url":"https:\/\/alliancechaffee.org\/espanol\/violencia-en-el-noviazgo-de-los-adolescentes\/resources-for-parents-of-teens-and-tweens\/","name":"The Alliance Espanol - Salida, Buena Vista and Poncha Springs Colorado - Recursos para los padres de adolescentes y preadolescentes","isPartOf":{"@id":"https:\/\/alliancechaffee.org\/espanol\/#website"},"datePublished":"2013-03-01T17:33:52+00:00","dateModified":"2021-09-09T12:12:22+00:00","description":"The Alliance proporciona intervenci\u00f3n en casos de crisis y albergue de emergencia. La l\u00ednea directa The Alliance est\u00e1 disponible las 24 horas, los 7 d\u00edas de la semana, 719-539-7347.","breadcrumb":{"@id":"https:\/\/alliancechaffee.org\/espanol\/violencia-en-el-noviazgo-de-los-adolescentes\/resources-for-parents-of-teens-and-tweens\/#breadcrumb"},"inLanguage":"en-US","potentialAction":[{"@type":"ReadAction","target":["https:\/\/alliancechaffee.org\/espanol\/violencia-en-el-noviazgo-de-los-adolescentes\/resources-for-parents-of-teens-and-tweens\/"]}]},{"@type":"BreadcrumbList","@id":"https:\/\/alliancechaffee.org\/espanol\/violencia-en-el-noviazgo-de-los-adolescentes\/resources-for-parents-of-teens-and-tweens\/#breadcrumb","itemListElement":[{"@type":"ListItem","position":1,"name":"Home","item":"https:\/\/alliancechaffee.org\/espanol\/"},{"@type":"ListItem","position":2,"name":"Violencia entre noviazgos adolescentes","item":"https:\/\/alliancechaffee.org\/espanol\/violencia-en-el-noviazgo-de-los-adolescentes\/"},{"@type":"ListItem","position":3,"name":"Recursos para los padres de adolescentes y preadolescentes"}]},{"@type":"WebSite","@id":"https:\/\/alliancechaffee.org\/espanol\/#website","url":"https:\/\/alliancechaffee.org\/espanol\/","name":"The Alliance Espanol","description":"Salida, Buena Vista and Poncha Springs Colorado","publisher":{"@id":"https:\/\/alliancechaffee.org\/espanol\/#organization"},"potentialAction":[{"@type":"SearchAction","target":{"@type":"EntryPoint","urlTemplate":"https:\/\/alliancechaffee.org\/espanol\/?s={search_term_string}"},"query-input":{"@type":"PropertyValueSpecification","valueRequired":true,"valueName":"search_term_string"}}],"inLanguage":"en-US"},{"@type":"Organization","@id":"https:\/\/alliancechaffee.org\/espanol\/#organization","name":"The Alliance Espanol","url":"https:\/\/alliancechaffee.org\/espanol\/","logo":{"@type":"ImageObject","inLanguage":"en-US","@id":"https:\/\/alliancechaffee.org\/espanol\/#\/schema\/logo\/image\/","url":"https:\/\/alliancechaffee.org\/espanol\/wp-content\/uploads\/2021\/05\/cropped-Alliance-Chaffee-logo-450-1.png","contentUrl":"https:\/\/alliancechaffee.org\/espanol\/wp-content\/uploads\/2021\/05\/cropped-Alliance-Chaffee-logo-450-1.png","width":450,"height":350,"caption":"The Alliance Espanol"},"image":{"@id":"https:\/\/alliancechaffee.org\/espanol\/#\/schema\/logo\/image\/"}}]}},"featured_image_src_large":false,"author_info":{"display_name":"Andrea Schulz-Ward","author_link":"https:\/\/alliancechaffee.org\/espanol\/author\/director\/"},"comment_info":0,"taxonomy_info":[],"jetpack_sharing_enabled":true,"jetpack_shortlink":"https:\/\/wp.me\/P9Lsok-1w","_links":{"self":[{"href":"https:\/\/alliancechaffee.org\/espanol\/wp-json\/wp\/v2\/pages\/94","targetHints":{"allow":["GET"]}}],"collection":[{"href":"https:\/\/alliancechaffee.org\/espanol\/wp-json\/wp\/v2\/pages"}],"about":[{"href":"https:\/\/alliancechaffee.org\/espanol\/wp-json\/wp\/v2\/types\/page"}],"author":[{"embeddable":true,"href":"https:\/\/alliancechaffee.org\/espanol\/wp-json\/wp\/v2\/users\/3"}],"replies":[{"embeddable":true,"href":"https:\/\/alliancechaffee.org\/espanol\/wp-json\/wp\/v2\/comments?post=94"}],"version-history":[{"count":1,"href":"https:\/\/alliancechaffee.org\/espanol\/wp-json\/wp\/v2\/pages\/94\/revisions"}],"predecessor-version":[{"id":1152,"href":"https:\/\/alliancechaffee.org\/espanol\/wp-json\/wp\/v2\/pages\/94\/revisions\/1152"}],"up":[{"embeddable":true,"href":"https:\/\/alliancechaffee.org\/espanol\/wp-json\/wp\/v2\/pages\/76"}],"wp:attachment":[{"href":"https:\/\/alliancechaffee.org\/espanol\/wp-json\/wp\/v2\/media?parent=94"}],"curies":[{"name":"wp","href":"https:\/\/api.w.org\/{rel}","templated":true}]}}