{"id":110,"date":"2013-03-01T18:41:20","date_gmt":"2013-03-01T18:41:20","guid":{"rendered":"http:\/\/108.179.193.181\/~salidaal\/aada\/?page_id=110"},"modified":"2021-09-09T06:12:10","modified_gmt":"2021-09-09T12:12:10","slug":"city-markets-electronic-fundraising-program","status":"publish","type":"page","link":"https:\/\/alliancechaffee.org\/espanol\/apoye-a-the-alliance\/city-markets-electronic-fundraising-program\/","title":{"rendered":"Programa de Recaudaci\u00f3n Electr\u00f3nica de Fondos de City Market"},"content":{"rendered":"<p><a href=\"https:\/\/alliancechaffee.org\/espanol\/wp-content\/uploads\/2013\/03\/22724.jpg\"><img loading=\"lazy\" decoding=\"async\" class=\"size-full wp-image-112 alignright\" src=\"https:\/\/alliancechaffee.org\/espanol\/wp-content\/uploads\/2013\/03\/22724.jpg\" alt=\"22724\" width=\"196\" height=\"100\" \/><\/a><\/p>\n<p>\u00a1The Alliance participa en el Programa de Recaudaci\u00f3n Electr\u00f3nica de Fondos de City Market! Cuando usa la tarjeta Value de City Market, The Alliance recibe un donativo de City Market basado en las compras totales que usted hace con su tarjeta cada trimestre. Esperamos que aproveche esta manera conveniente de contribuir a The Alliance durante todo el a\u00f1o.\u00a0 Lo mejor de todo, su participaci\u00f3n en este programa \u00a1no le cuesta un centavo!<\/p>\n<p style=\"text-align: center;\"><strong><em>Tenga la seguridad de que The Alliance nunca compartir\u00e1 ni vender\u00e1<br \/>\nla informaci\u00f3n de contacto personal que recopilamos de nuestros partidarios.<\/em><\/strong><\/p>\n<div>\n<p><strong>Puede encontrar m\u00e1s detalles en el Programa de Recaudaci\u00f3n Electr\u00f3nica de Fondos de City Market<\/strong><\/p>\n<\/div>\n<p>La inscripci\u00f3n para recibir su tarjeta Value de City Market en el programa City Market CARES a trav\u00e9s de The Alliance es una excelente manera de ayudar a nuestra agencia \u00a1sin costo alguno para usted!<\/p>\n<p>The Alliance gana un porcentaje del donativo trimestral presupuestado de $100,000 de City Market al programa CARES. \u00a0The Alliance gana cr\u00e9ditos con base en sus compras de mercanc\u00eda en City Market. Las compras de combustible en City Market y en las tiendas Loaf N Jug \u00a1est\u00e1n incluidas en nuestros cr\u00e9ditos totales de la agencia!<\/p>\n<p>Complete todos los campos siguientes y haga clic en \u201cSubmit Information\u201d (Enviar la informaci\u00f3n). Se tiene que proporcionar la informaci\u00f3n requerida en los campos marcados con un asterisco para poder participar en el programa CARES. Si tiene alguna pregunta, no dude en llamarnos al 719-539-7347.<\/p>\n<div><\/div>\n<div>\n<div>Nombre<\/div>\n<div><input id=\"txt2147\" maxlength=\"1000\" name=\"txt2147\" type=\"text\" value=\"\" \/>\u00a0*<\/div>\n<\/div>\n<div>\n<div>Apellido<\/div>\n<div><input id=\"txt2148\" maxlength=\"1000\" name=\"txt2148\" type=\"text\" value=\"\" \/>\u00a0*<\/div>\n<\/div>\n<div><\/div>\n<div>\n<div>N\u00famero de tarjeta Value<\/div>\n<div><input id=\"txt2146\" maxlength=\"1000\" name=\"txt2146\" type=\"text\" value=\"\" \/>\u00a0*<\/div>\n<\/div>\n<div>(Liste todos los 12 n\u00fameros que aparecen al reverso de la tarjeta, comenzando con 4)<\/div>\n<div>\n<div>Direcci\u00f3n electr\u00f3nica<\/div>\n<div><input id=\"txt2149\" maxlength=\"1000\" name=\"txt2149\" type=\"text\" value=\"\" \/><\/div>\n<\/div>\n<div>\n<div>N\u00famero de tel\u00e9fono<\/div>\n<div><input id=\"txt2150\" maxlength=\"1000\" name=\"txt2150\" type=\"text\" value=\"\" \/>\u00a0*<\/div>\n<\/div>\n<div><\/div>\n<div>The Alliance nunca vender\u00e1 ni distribuir\u00e1 su informaci\u00f3n. Al hacer clic en el bot\u00f3n que aparece abajo, usted autoriza a The Alliance a inscribirlo en la tarjeta Value de City Market del Programa City Market CARES cuando env\u00ede el n\u00famero de su tarjeta, su nombre y n\u00famero telef\u00f3nico al coordinador del Programa City Market CARES.<\/div>\n<p style=\"text-align: left;\" align=\"center\"><strong>\u00bfQu\u00e9 m\u00e1s necesita saber?<\/strong><\/p>\n<ul>\n<li>Si no tiene una tarjeta Value, puede inscribirse para recibir una en cualquier City Market. Entonces puede proporcionar la informaci\u00f3n a The Alliance y comenzar a participar. (Debe haber usado su tarjeta Value al menos una vez para que se lo asocie a The Alliance.)<\/li>\n<li>Si va a City Market pero no tiene su tarjeta, d\u00e9 al cajero su n\u00famero de tel\u00e9fono. Con esto se asegurar\u00e1 de que The Alliance reciba el cr\u00e9dito por las compras que hace con su tarjeta.<\/li>\n<li>Si ya est\u00e1 apoyando a otra organizaci\u00f3n con su tarjeta Value, puede hacer un cambio f\u00e1cilmente. Simplemente proporcione su informaci\u00f3n a The Alliance, y City Market CARES har\u00e1 el cambio.<\/li>\n<li>Si pierde o reemplaza su tarjeta Value, debe informar el nuevo n\u00famero de tarjeta a The Alliance para continuar con su apoyo.<\/li>\n<li>Los donativos hechos a trav\u00e9s del Programa de Recaudaci\u00f3n Electr\u00f3nica de Fondos de City Market CARES no son deducibles de impuestos.<\/li>\n<li style=\"text-align: left;\"><strong>\u2022 Si posteriormente decide dar el n\u00famero de su tarjeta para apoyar a otra organizaci\u00f3n sin fines de lucro, el cambio de beneficiario entrar\u00e1 en vigencia a principios del siguiente trimestre calendario. Si desea que The Alliance retire su tarjeta de la lista de donadores, simplemente notif\u00edquelo as\u00ed a The Alliance.<\/strong><\/li>\n<\/ul>\n<p align=\"center\"><strong>Muchas gracias por considerar apoyar a The Alliance a trav\u00e9s del Programa de Recaudaci\u00f3n Electr\u00f3nica de Fondos City Market Cares.\u00a0<\/strong><\/p>\n","protected":false},"excerpt":{"rendered":"<p>\u00a1The Alliance participa en el Programa de Recaudaci\u00f3n Electr\u00f3nica de Fondos de City Market! Cuando usa la tarjeta Value de City Market, The Alliance recibe un donativo de City Market basado en las compras totales que usted hace con su tarjeta cada trimestre. Esperamos que aproveche esta manera conveniente de contribuir a The Alliance durante &#8230; <a title=\"Programa de Recaudaci\u00f3n Electr\u00f3nica de Fondos de City Market\" class=\"read-more\" href=\"https:\/\/alliancechaffee.org\/espanol\/apoye-a-the-alliance\/city-markets-electronic-fundraising-program\/\" aria-label=\"More on Programa de Recaudaci\u00f3n Electr\u00f3nica de Fondos de City Market\">Read more<\/a><\/p>\n","protected":false},"author":3,"featured_media":0,"parent":97,"menu_order":0,"comment_status":"closed","ping_status":"open","template":"","meta":{"jetpack_post_was_ever_published":false,"footnotes":""},"class_list":["post-110","page","type-page","status-publish"],"yoast_head":"<!-- This site is optimized with the Yoast SEO plugin v27.4 - https:\/\/yoast.com\/product\/yoast-seo-wordpress\/ -->\n<title>The Alliance Espanol - Salida, Buena Vista and Poncha Springs Colorado - Programa de Recaudaci\u00f3n Electr\u00f3nica de Fondos de City Market<\/title>\n<meta name=\"description\" content=\"The Alliance proporciona intervenci\u00f3n en casos de crisis y albergue de emergencia. La l\u00ednea directa The Alliance est\u00e1 disponible las 24 horas, los 7 d\u00edas de la semana, 719-539-7347.\" \/>\n<meta name=\"robots\" content=\"index, follow, max-snippet:-1, max-image-preview:large, max-video-preview:-1\" \/>\n<link rel=\"canonical\" href=\"https:\/\/alliancechaffee.org\/espanol\/apoye-a-the-alliance\/city-markets-electronic-fundraising-program\/\" \/>\n<meta property=\"og:locale\" content=\"en_US\" \/>\n<meta property=\"og:type\" content=\"article\" \/>\n<meta property=\"og:title\" content=\"The Alliance Espanol - Salida, Buena Vista and Poncha Springs Colorado - Programa de Recaudaci\u00f3n Electr\u00f3nica de Fondos de City Market\" \/>\n<meta property=\"og:description\" content=\"The Alliance proporciona intervenci\u00f3n en casos de crisis y albergue de emergencia. La l\u00ednea directa The Alliance est\u00e1 disponible las 24 horas, los 7 d\u00edas de la semana, 719-539-7347.\" \/>\n<meta property=\"og:url\" content=\"https:\/\/alliancechaffee.org\/espanol\/apoye-a-the-alliance\/city-markets-electronic-fundraising-program\/\" \/>\n<meta property=\"og:site_name\" content=\"The Alliance Espanol\" \/>\n<meta property=\"article:modified_time\" content=\"2021-09-09T12:12:10+00:00\" \/>\n<meta property=\"og:image\" content=\"https:\/\/alliancechaffee.org\/espanol\/wp-content\/uploads\/2013\/03\/22724.jpg\" \/>\n<meta name=\"twitter:card\" content=\"summary_large_image\" \/>\n<meta name=\"twitter:label1\" content=\"Est. reading time\" \/>\n\t<meta name=\"twitter:data1\" content=\"3 minutes\" \/>\n<script type=\"application\/ld+json\" class=\"yoast-schema-graph\">{\"@context\":\"https:\\\/\\\/schema.org\",\"@graph\":[{\"@type\":\"WebPage\",\"@id\":\"https:\\\/\\\/alliancechaffee.org\\\/espanol\\\/apoye-a-the-alliance\\\/city-markets-electronic-fundraising-program\\\/\",\"url\":\"https:\\\/\\\/alliancechaffee.org\\\/espanol\\\/apoye-a-the-alliance\\\/city-markets-electronic-fundraising-program\\\/\",\"name\":\"The Alliance Espanol - Salida, Buena Vista and Poncha Springs Colorado - Programa de Recaudaci\u00f3n Electr\u00f3nica de Fondos de City Market\",\"isPartOf\":{\"@id\":\"https:\\\/\\\/alliancechaffee.org\\\/espanol\\\/#website\"},\"primaryImageOfPage\":{\"@id\":\"https:\\\/\\\/alliancechaffee.org\\\/espanol\\\/apoye-a-the-alliance\\\/city-markets-electronic-fundraising-program\\\/#primaryimage\"},\"image\":{\"@id\":\"https:\\\/\\\/alliancechaffee.org\\\/espanol\\\/apoye-a-the-alliance\\\/city-markets-electronic-fundraising-program\\\/#primaryimage\"},\"thumbnailUrl\":\"https:\\\/\\\/alliancechaffee.org\\\/espanol\\\/wp-content\\\/uploads\\\/2013\\\/03\\\/22724.jpg\",\"datePublished\":\"2013-03-01T18:41:20+00:00\",\"dateModified\":\"2021-09-09T12:12:10+00:00\",\"description\":\"The Alliance proporciona intervenci\u00f3n en casos de crisis y albergue de emergencia. La l\u00ednea directa The Alliance est\u00e1 disponible las 24 horas, los 7 d\u00edas de la semana, 719-539-7347.\",\"breadcrumb\":{\"@id\":\"https:\\\/\\\/alliancechaffee.org\\\/espanol\\\/apoye-a-the-alliance\\\/city-markets-electronic-fundraising-program\\\/#breadcrumb\"},\"inLanguage\":\"en-US\",\"potentialAction\":[{\"@type\":\"ReadAction\",\"target\":[\"https:\\\/\\\/alliancechaffee.org\\\/espanol\\\/apoye-a-the-alliance\\\/city-markets-electronic-fundraising-program\\\/\"]}]},{\"@type\":\"ImageObject\",\"inLanguage\":\"en-US\",\"@id\":\"https:\\\/\\\/alliancechaffee.org\\\/espanol\\\/apoye-a-the-alliance\\\/city-markets-electronic-fundraising-program\\\/#primaryimage\",\"url\":\"https:\\\/\\\/alliancechaffee.org\\\/espanol\\\/wp-content\\\/uploads\\\/2013\\\/03\\\/22724.jpg\",\"contentUrl\":\"https:\\\/\\\/alliancechaffee.org\\\/espanol\\\/wp-content\\\/uploads\\\/2013\\\/03\\\/22724.jpg\",\"width\":196,\"height\":100},{\"@type\":\"BreadcrumbList\",\"@id\":\"https:\\\/\\\/alliancechaffee.org\\\/espanol\\\/apoye-a-the-alliance\\\/city-markets-electronic-fundraising-program\\\/#breadcrumb\",\"itemListElement\":[{\"@type\":\"ListItem\",\"position\":1,\"name\":\"Home\",\"item\":\"https:\\\/\\\/alliancechaffee.org\\\/espanol\\\/\"},{\"@type\":\"ListItem\",\"position\":2,\"name\":\"Apoye a The Alliance\",\"item\":\"https:\\\/\\\/alliancechaffee.org\\\/espanol\\\/apoye-a-the-alliance\\\/\"},{\"@type\":\"ListItem\",\"position\":3,\"name\":\"Programa de Recaudaci\u00f3n Electr\u00f3nica de Fondos de City Market\"}]},{\"@type\":\"WebSite\",\"@id\":\"https:\\\/\\\/alliancechaffee.org\\\/espanol\\\/#website\",\"url\":\"https:\\\/\\\/alliancechaffee.org\\\/espanol\\\/\",\"name\":\"The Alliance Espanol\",\"description\":\"Salida, Buena Vista and Poncha Springs Colorado\",\"publisher\":{\"@id\":\"https:\\\/\\\/alliancechaffee.org\\\/espanol\\\/#organization\"},\"potentialAction\":[{\"@type\":\"SearchAction\",\"target\":{\"@type\":\"EntryPoint\",\"urlTemplate\":\"https:\\\/\\\/alliancechaffee.org\\\/espanol\\\/?s={search_term_string}\"},\"query-input\":{\"@type\":\"PropertyValueSpecification\",\"valueRequired\":true,\"valueName\":\"search_term_string\"}}],\"inLanguage\":\"en-US\"},{\"@type\":\"Organization\",\"@id\":\"https:\\\/\\\/alliancechaffee.org\\\/espanol\\\/#organization\",\"name\":\"The Alliance Espanol\",\"url\":\"https:\\\/\\\/alliancechaffee.org\\\/espanol\\\/\",\"logo\":{\"@type\":\"ImageObject\",\"inLanguage\":\"en-US\",\"@id\":\"https:\\\/\\\/alliancechaffee.org\\\/espanol\\\/#\\\/schema\\\/logo\\\/image\\\/\",\"url\":\"https:\\\/\\\/alliancechaffee.org\\\/espanol\\\/wp-content\\\/uploads\\\/2021\\\/05\\\/cropped-Alliance-Chaffee-logo-450-1.png\",\"contentUrl\":\"https:\\\/\\\/alliancechaffee.org\\\/espanol\\\/wp-content\\\/uploads\\\/2021\\\/05\\\/cropped-Alliance-Chaffee-logo-450-1.png\",\"width\":450,\"height\":350,\"caption\":\"The Alliance Espanol\"},\"image\":{\"@id\":\"https:\\\/\\\/alliancechaffee.org\\\/espanol\\\/#\\\/schema\\\/logo\\\/image\\\/\"}}]}<\/script>\n<!-- \/ Yoast SEO plugin. -->","yoast_head_json":{"title":"The Alliance Espanol - Salida, Buena Vista and Poncha Springs Colorado - Programa de Recaudaci\u00f3n Electr\u00f3nica de Fondos de City Market","description":"The Alliance proporciona intervenci\u00f3n en casos de crisis y albergue de emergencia. La l\u00ednea directa The Alliance est\u00e1 disponible las 24 horas, los 7 d\u00edas de la semana, 719-539-7347.","robots":{"index":"index","follow":"follow","max-snippet":"max-snippet:-1","max-image-preview":"max-image-preview:large","max-video-preview":"max-video-preview:-1"},"canonical":"https:\/\/alliancechaffee.org\/espanol\/apoye-a-the-alliance\/city-markets-electronic-fundraising-program\/","og_locale":"en_US","og_type":"article","og_title":"The Alliance Espanol - Salida, Buena Vista and Poncha Springs Colorado - Programa de Recaudaci\u00f3n Electr\u00f3nica de Fondos de City Market","og_description":"The Alliance proporciona intervenci\u00f3n en casos de crisis y albergue de emergencia. La l\u00ednea directa The Alliance est\u00e1 disponible las 24 horas, los 7 d\u00edas de la semana, 719-539-7347.","og_url":"https:\/\/alliancechaffee.org\/espanol\/apoye-a-the-alliance\/city-markets-electronic-fundraising-program\/","og_site_name":"The Alliance Espanol","article_modified_time":"2021-09-09T12:12:10+00:00","og_image":[{"url":"https:\/\/alliancechaffee.org\/espanol\/wp-content\/uploads\/2013\/03\/22724.jpg","type":"","width":"","height":""}],"twitter_card":"summary_large_image","twitter_misc":{"Est. reading time":"3 minutes"},"schema":{"@context":"https:\/\/schema.org","@graph":[{"@type":"WebPage","@id":"https:\/\/alliancechaffee.org\/espanol\/apoye-a-the-alliance\/city-markets-electronic-fundraising-program\/","url":"https:\/\/alliancechaffee.org\/espanol\/apoye-a-the-alliance\/city-markets-electronic-fundraising-program\/","name":"The Alliance Espanol - Salida, Buena Vista and Poncha Springs Colorado - Programa de Recaudaci\u00f3n Electr\u00f3nica de Fondos de City Market","isPartOf":{"@id":"https:\/\/alliancechaffee.org\/espanol\/#website"},"primaryImageOfPage":{"@id":"https:\/\/alliancechaffee.org\/espanol\/apoye-a-the-alliance\/city-markets-electronic-fundraising-program\/#primaryimage"},"image":{"@id":"https:\/\/alliancechaffee.org\/espanol\/apoye-a-the-alliance\/city-markets-electronic-fundraising-program\/#primaryimage"},"thumbnailUrl":"https:\/\/alliancechaffee.org\/espanol\/wp-content\/uploads\/2013\/03\/22724.jpg","datePublished":"2013-03-01T18:41:20+00:00","dateModified":"2021-09-09T12:12:10+00:00","description":"The Alliance proporciona intervenci\u00f3n en casos de crisis y albergue de emergencia. La l\u00ednea directa The Alliance est\u00e1 disponible las 24 horas, los 7 d\u00edas de la semana, 719-539-7347.","breadcrumb":{"@id":"https:\/\/alliancechaffee.org\/espanol\/apoye-a-the-alliance\/city-markets-electronic-fundraising-program\/#breadcrumb"},"inLanguage":"en-US","potentialAction":[{"@type":"ReadAction","target":["https:\/\/alliancechaffee.org\/espanol\/apoye-a-the-alliance\/city-markets-electronic-fundraising-program\/"]}]},{"@type":"ImageObject","inLanguage":"en-US","@id":"https:\/\/alliancechaffee.org\/espanol\/apoye-a-the-alliance\/city-markets-electronic-fundraising-program\/#primaryimage","url":"https:\/\/alliancechaffee.org\/espanol\/wp-content\/uploads\/2013\/03\/22724.jpg","contentUrl":"https:\/\/alliancechaffee.org\/espanol\/wp-content\/uploads\/2013\/03\/22724.jpg","width":196,"height":100},{"@type":"BreadcrumbList","@id":"https:\/\/alliancechaffee.org\/espanol\/apoye-a-the-alliance\/city-markets-electronic-fundraising-program\/#breadcrumb","itemListElement":[{"@type":"ListItem","position":1,"name":"Home","item":"https:\/\/alliancechaffee.org\/espanol\/"},{"@type":"ListItem","position":2,"name":"Apoye a The Alliance","item":"https:\/\/alliancechaffee.org\/espanol\/apoye-a-the-alliance\/"},{"@type":"ListItem","position":3,"name":"Programa de Recaudaci\u00f3n Electr\u00f3nica de Fondos de City Market"}]},{"@type":"WebSite","@id":"https:\/\/alliancechaffee.org\/espanol\/#website","url":"https:\/\/alliancechaffee.org\/espanol\/","name":"The Alliance Espanol","description":"Salida, Buena Vista and Poncha Springs Colorado","publisher":{"@id":"https:\/\/alliancechaffee.org\/espanol\/#organization"},"potentialAction":[{"@type":"SearchAction","target":{"@type":"EntryPoint","urlTemplate":"https:\/\/alliancechaffee.org\/espanol\/?s={search_term_string}"},"query-input":{"@type":"PropertyValueSpecification","valueRequired":true,"valueName":"search_term_string"}}],"inLanguage":"en-US"},{"@type":"Organization","@id":"https:\/\/alliancechaffee.org\/espanol\/#organization","name":"The Alliance Espanol","url":"https:\/\/alliancechaffee.org\/espanol\/","logo":{"@type":"ImageObject","inLanguage":"en-US","@id":"https:\/\/alliancechaffee.org\/espanol\/#\/schema\/logo\/image\/","url":"https:\/\/alliancechaffee.org\/espanol\/wp-content\/uploads\/2021\/05\/cropped-Alliance-Chaffee-logo-450-1.png","contentUrl":"https:\/\/alliancechaffee.org\/espanol\/wp-content\/uploads\/2021\/05\/cropped-Alliance-Chaffee-logo-450-1.png","width":450,"height":350,"caption":"The Alliance Espanol"},"image":{"@id":"https:\/\/alliancechaffee.org\/espanol\/#\/schema\/logo\/image\/"}}]}},"featured_image_src_large":false,"author_info":{"display_name":"Andrea Schulz-Ward","author_link":"https:\/\/alliancechaffee.org\/espanol\/author\/director\/"},"comment_info":0,"taxonomy_info":[],"jetpack_sharing_enabled":true,"jetpack_shortlink":"https:\/\/wp.me\/P9Lsok-1M","_links":{"self":[{"href":"https:\/\/alliancechaffee.org\/espanol\/wp-json\/wp\/v2\/pages\/110","targetHints":{"allow":["GET"]}}],"collection":[{"href":"https:\/\/alliancechaffee.org\/espanol\/wp-json\/wp\/v2\/pages"}],"about":[{"href":"https:\/\/alliancechaffee.org\/espanol\/wp-json\/wp\/v2\/types\/page"}],"author":[{"embeddable":true,"href":"https:\/\/alliancechaffee.org\/espanol\/wp-json\/wp\/v2\/users\/3"}],"replies":[{"embeddable":true,"href":"https:\/\/alliancechaffee.org\/espanol\/wp-json\/wp\/v2\/comments?post=110"}],"version-history":[{"count":1,"href":"https:\/\/alliancechaffee.org\/espanol\/wp-json\/wp\/v2\/pages\/110\/revisions"}],"predecessor-version":[{"id":1131,"href":"https:\/\/alliancechaffee.org\/espanol\/wp-json\/wp\/v2\/pages\/110\/revisions\/1131"}],"up":[{"embeddable":true,"href":"https:\/\/alliancechaffee.org\/espanol\/wp-json\/wp\/v2\/pages\/97"}],"wp:attachment":[{"href":"https:\/\/alliancechaffee.org\/espanol\/wp-json\/wp\/v2\/media?parent=110"}],"curies":[{"name":"wp","href":"https:\/\/api.w.org\/{rel}","templated":true}]}}